 base 11.
17656
Convert -1162341 (base 9) to base 2.
-10011010001100101010
What is a5894 (base 16) in base 11?
423467
Convert -6c1942 (base 14) to base 8.
-16053726
What is 23094 (base 14) in base 16?
14cca
What is -32253 (base 10) in base 2?
-111110111111101
Convert 2a62844 (base 13) to base 10.
13543716
Convert 620389 (base 11) to base 13.
28b4a1
Convert 3448ba (base 12) to base 4.
3030200032
Convert -79616 (base 11) to base 15.
-24209
-11000010100111000 (base 2) to base 16
-18538
What is -110000000110011100 (base 2) in base 12?
-96024
Convert -2474646 (base 12) to base 7.
-114343554
Convert -30235002 (base 6) to base 9.
-1551132
What is 268541 (base 11) in base 16?
66d7e
What is -344551014 (base 6) in base 2?
-11000011000010000010010
What is -24639 (base 11) in base 13?
-13141
-13211100221 (base 4) to base 10
-1987625
Convert 120221200 (base 3) to base 8.
26554
-396ad (base 15) to base 13
-65848
a29 (base 14) to base 16
7cd
122102021202 (base 3) to base 2
1010011101100110111
What is -32671 (base 13) in base 3?
-11122002011
Convert 309961 (base 10) to base 7.
2430451
-12201131 (base 4) to base 12
-13565
What is 413221 (base 8) in base 15?
2a834
What is -656a6 (base 13) in base 6?
-3533313
What is -773245 (base 8) in base 13?
-912c9
249296 (base 10) to base 9
418865
What is -253588 (base 9) in base 3?
-21210122222
Convert -5ca45 (base 14) to base 13.
-7c44a
Convert 47823 (base 10) to base 11.
32a26
What is 13023103 (base 4) in base 2?
111001011010011
Convert 11d3d (base 14) to base 15.
ce78
What is 471a7 (base 14) in base 11?
109159
Convert -165456 (base 8) to base 4.
-32230232
505156 (base 8) to base 14
44978
-314134 (base 6) to base 4
-12033022
216016633 (base 7) to base 3
220120201012001
What is 101002122 (base 3) in base 5?
213421
Convert -b645b (base 13) to base 10.
-328105
What is -1525906 (base 12) in base 7?
-51251451
7125313 (base 8) to base 5
440104411
-cd38 (base 14) to base 11
-24767
Convert 61702 (base 13) to base 11.
10a322
What is -111001010101000011 (base 2) in base 14?
-6180b
Convert 201221112101110 (base 3) to base 6.
1015105450
10430152 (base 6) to base 14
82b1a
-273464 (base 8) to base 10
-96052
Convert 1482b (base 13) to base 8.
113522
What is -30133302 (base 4) in base 5?
-3114221
What is 246331 (base 8) in base 5?
10211314
What is -20133030323 (base 4) in base 12?
-8b370b
-2011233020 (base 4) to base 9
-1024368
Convert 1321c (base 13) to base 2.
1000101010111011
Convert dd02a (base 15) to base 14.
143bba
What is -10100110101010110001 (base 2) in base 8?
-2465261
-53234404 (base 6) to base 14
-2c879a
-210201110 (base 4) to base 5
-14241323
-1102102110 (base 3) to base 7
-144444
-33821 (base 10) to base 8
-102035
3134145 (base 8) to base 2
11001011100001100101
105b2d (base 14) to base 10
553741
What is -1131303 (base 5) in base 11?
-14715
-11010010000011111000 (base 2) to base 11
-53848a
What is 1071244 (base 8) in base 3?
112210212000
What is 32214204 (base 5) in base 14?
7171c
Convert -46ca00 (base 14) to base 5.
-1104313210
-12405040 (base 6) to base 15
-80206
Convert 142131424 (base 7) to base 16.
8e31b6
Convert -117b50c (base 13) to base 14.
-a1248d
What is 13014e (base 16) in base 3?
2100021112022
What is 1212000022112 (base 3) in base 5?
223000010
Convert 34112313 (base 5) to base 9.
507747
What is 30312200011 (base 4) in base 7?
40431025
20aece (base 16) to base 8
10127316
Convert -4d58a6 (base 14) to base 12.
-a86aa2
-1e11b (base 15) to base 9
-158538
Convert 166330 (base 8) to base 10.
60632
What is -1647065 (base 8) in base 15?
-96cd3
Convert 1295493 (base 10) to base 7.
14003643
-5041b (base 12) to base 16
-19757
Convert 255ca (base 13) to base 10.
69118
81872b (base 13) to base 12
1016431
110121112210121 (base 3) to base 10
6703009
-11ac19 (base 15) to base 9
-1530126
What is eeb0c (base 16) in base 13?
28300b
Convert -64007 (base 10) to base 15.
-13e72
What is 16311150 (base 7) in base 10?
1582686
Convert -234572 (base 8) to base 6.
-1415310
-15559 (base 14) to base 2
-1100111111001011
What is -22121131 (base 4) in base 11?
-29aa8
What is 22110010222 (base 3) in base 2?
101000100110101111
What is -110101111000010000 (base 2) in base 10?
-220688
32221 (base 14) to base 6
2332525
Convert 110100010010001000000100 (base 2) to base 10.
13705732
Convert -31414135 (base 6) to base 4.
-3200203223
What is 11024201142 (base 5) in base 12?
3bbbbaa
Convert d815d (base 16) to base 14.
1907a5
What is 10010010011011000001001 (base 2) in base 15?
64b941
What is 12331122031 (base 4) in base 14?
356c21
18c62 (base 13) to base 16
bc75
What is 3664061 (base 7) in base 13?
13599b
-10101110110001001000 (base 2) to base 13
-1c0aa3
What is -22323122 (base 4) in base 15?
-d3e2
Convert -32153014 (base 6) to base 14.
-1a96ca
What is -560615 (base 11) in base 2?
-11011010001110010011
-2150044 (base 7) to base 9
-442301
-317877 (base 11) to base 2
-1111100000100000011
Convert 1373705 (base 8) to base 7.
3216155
Convert -645410 (base 7) to base 6.
-2224112
Convert -13398128 (base 10) to base 4.
-303013001300
What is 1026944 (base 10) in base 4?
3322232000
What is -d3c93b (base 15) in base 14?
-14a06b9
What is -12121014 (base 5) in base 7?
-653011
What is 2b17be (base 15) in base 8?
7737762
Convert -756b9 (base 16) to base 12.
-1b23b5
-2665c (base 15) to base 8
-360071
-200122201120 (base 3) to base 6
-11512023
Convert 344023101 (base 5) to base 11.
968481
Convert 1811652 (base 9) to base 12.
409548
-133101201 (base 4) to base 12
-62169
-117c647 (base 14) to base 15
-b051e4
What is 410273 (base 10) in base 14?
a9733
What is -3732377 (base 9) in base 12?
-81a314
-245332225 (base 6) to base 13
-c9c63b
What is 18ac8 (base 14) in base 6?
1201212
-5031725 (base 10) to base 12
-1827a65
-841783 (base 9) to base 6
-14414503
Convert -11101110100111101 (base 2) to base 8.
-356475
What is -10001011010101010001 (base 2) in base 3?
-1001222212020
Convert -63fb (base 16) to base 4.
-12033323
Convert 31031144 (base 5) to base 6.
5222521
Convert 10c375 (base 16) to base 15.
16a7ad
What is 1451875 (base 13) in base 5?
3123132211
11032424 (base 5) to base 8
273365
What is 11010100011101111001000 (base 2) in base 4?
122203233020
What is 30201111231 (base 4) in base 12?
1123579
What is 11314202210 (base 5) in base 15?
12280c0
-110111010000101110 (base 2) to base 9
-374440
What is 1104474 (base 10) in base 15?
16c3b9
What is -3654535 (base 7) in base 15?
-93777
Convert 3b433a (base 12) to base 15.
145e57
Convert -22640455 (base 7) to base 15.
-295811
What is -26360 (base 13) in base 15?
-1600e
39500 (base 14) to base 16
2267c
Convert 21242250 (base 6) to base 2.
10011001010001010110
What is -101020222111010 (base 3) in base 8?
-24630050
What is 1199574 (base 10) in base 3?
2020221111200
320224 (base 8) to base 11
7313a
Convert -1061676 (base 10) to base 14.
-1d8ca0
What is 100111010001111000001 (base 2) in base 11?
7aa026
What is -75b43 (base 12) in base 2?
-100101111100100011
-473124 (base 8) to base 4
-213121110
Convert -10312423044 (base 5) to base 2.
-101010001100011100100000
What is -1206234 (base 8) in base 6?
-11031552
Convert -220053005 (base 6) to base 14.
-742bb7
-332bb1 (base 13) to base 4
-10212123013
39b17 (base 14) to base 13
4c8c5
-70456155 (base 8) to base 12
-4b74b51
-2a321 (base 11) to base 15
-cb03
Convert -1ee99 (base 16) to base 3.
-20102200112
What is -78b4a6 (base 13) in base 5?
-1212240033
What is 327266 (base 8) in base 15?
22a0c
Convert 31ff40 (base 16) to base 14.
614156
-106480 (base 14) to base 2
-10000111100010110000
33011443 (base 5) to base 2
1000100111000001011
Convert -1a21b6 (base 15) to base 7.
-13550463
-2261530 (base 8) to base 11
-390284
231010212 (base 4) to base 15
39a79
Convert -861d38 (base 15) to base 10.
-6385103
Convert -24b265 (base 14) to base 16.
-1339c9
-10111010100111011111 (base 2) to base 11
-482324
What is 2b197 (base 12) in base 8?
166503
Convert -2b76d (base 15) to base 13.
-4b994
220001001021 (base 3) to base 13
137497
What is -706988 (base 12) in base 2?
-110101100000111111000
Convert -311012010 (base 4) to base 6.
-4354500
-100107 (base 9) to base 10
-59137
40131343 (base 6) to base 2
100010100010011101111
-14c954a (base 13) to base 15
-8bcd63
Convert -2839 (base 13) to base 11.
-4398
Convert 695